2102?
-1021220000
In base 11, what is -1a2434 + -64a?
-1a2a83
In base 5, what is 112342023 + -330?
112341143
In base 16, what is 1aedb6 - 2?
1aedb4
In base 7, what is -53666640 - -10?
-53666630
In base 3, what is 12 + 12000012122212200?
12000012122212212
In base 9, what is 12 - -346160?
346172
In base 2, what is -1 - 10100100100111110100110001?
-10100100100111110100110010
In base 5, what is 212310443322 + 3?
212310443330
In base 6, what is 542430 - 11324?
531102
In base 8, what is 3 + 257273206?
257273211
In base 9, what is -1 + 143753527?
143753526
In base 7, what is 10535154 + 12?
10535166
In base 15, what is 34 - 407ad?
-40779
In base 11, what is -2 + -1073384a8?
-1073384aa
In base 11, what is 17547a + -4?
175476
In base 16, what is -5 + -5df8d0?
-5df8d5
In base 5, what is -10202243 + 21?
-10202222
In base 15, what is 3 + -212b86?
-212b83
In base 9, what is 152453 - 4824?
146528
In base 8, what is -17127 + 6014?
-11113
In base 10, what is 32 - 334300?
-334268
In base 10, what is -144302 + -3?
-144305
In base 10, what is 112 - -47195?
47307
In base 16, what is -204 + 143d?
1239
In base 15, what is -97 + 6530b?
65264
In base 5, what is -1 - -2130102414?
2130102413
In base 5, what is 413 + -12344413330?
-12344412412
In base 9, what is -5703100 - 5?
-5703105
In base 6, what is 14510 - -10454453?
10513403
In base 12, what is -5a961568 - 3?
-5a96156b
In base 11, what is 56318 + 28?
56345
In base 12, what is b812 + 3836?
13448
In base 2, what is 10000100010 + 100110000111001110?
100110010111110000
In base 3, what is -102020120210 - 20122?
-102020211102
In base 8, what is -227056303 - 4?
-227056307
In base 4, what is 13330330030 - -1300?
13330331330
In base 5, what is 14400 - -101104?
121004
In base 10, what is -33851 - -2000?
-31851
In base 8, what is 14257 - 136?
14121
In base 5, what is -1331430142 - -10?
-1331430132
In base 5, what is 4 - 4344202102?
-4344202043
In base 5, what is 4043 - 2102123?
-2043030
In base 15, what is b26 - -7b89?
87b0
In base 12, what is 28988b55 - 3?
28988b52
In base 16, what is 3973 + -14?
395f
In base 4, what is -21 - 321001010013?
-321001010100
In base 4, what is -2133320010231 - -3?
-2133320010222
In base 3, what is -1011202220022 - 2?
-1011202220101
In base 5, what is 4143430 + -1201?
4142224
In base 4, what is -210013332010 - 123?
-210013332133
In base 7, what is -161056651 - 21?
-161060002
In base 7, what is 23115252246 - 2?
23115252244
In base 4, what is -231 - 213222?
-220113
In base 13, what is 96 + -2b1556?
-2b1490
In base 4, what is -10132 - -3033231220?
3033221022
In base 7, what is -125 + -344060?
-344215
In base 14, what is -43566 + -bd8?
-44360
In base 13, what is 43 + -383ab6?
-383a73
In base 3, what is -22122202102110 + 11020?
-22122202021020
In base 12, what is -61b4a - 239?
-62187
In base 6, what is -203 + 425023032?
425022425
In base 2, what is 101 + 10100101001111000011110100?
10100101001111000011111001
In base 9, what is 13 - 662384?
-662371
In base 10, what is -17638359 + 3?
-17638356
In base 2, what is 11010100 - -1100100101100110?
1100101000111010
In base 3, what is 2 + 21101010000?
21101010002
In base 4, what is -11331123100 - 11?
-11331123111
In base 4, what is -1 + -1323120222011?
-1323120222012
In base 12, what is 52a85 + 13a?
53003
In base 5, what is 12 - -1002122130?
1002122142
In base 8, what is -1634 - 2305?
-4141
In base 13, what is 5 - 3873a5?
-3873a0
In base 10, what is -13 - -63182654?
63182641
In base 3, what is -102201 - 22120210?
-100000111
In base 16, what is -17df - 5d2?
-1db1
In base 6, what is 1 + 35354432042?
35354432043
In base 8, what is -1 - -3207667?
3207666
In base 13, what is 6 + a852?
a858
In base 9, what is 45 + 558324?
558370
In base 2, what is -10110110110001000 - -1001101110?
-10110101100011010
In base 12, what is 1927b22 + 14?
1927b36
In base 2, what is -1000111010101 - -1111011101101?
110100011000
In base 7, what is 61461454 + -13?
61461441
In base 11, what is -152 + 596185?
596033
In base 11, what is -21a96916 - -5?
-21a96911
In base 12, what is -58a663 - -173?
-58a4b0
In base 14, what is -4 - -1859d58?
1859d54
In base 9, what is 2 + 155112100?
155112102
In base 14, what is -2 + -2761675?
-2761677
In base 8, what is -645 - -41311?
40444
In base 11, what is -886 - 13456?
-14231
In base 2, what is 1000110000111 + 1001011111100010?
1010100101101001
In base 2, what is 111010010010010 - -101111111100?
1000000010001110
In base 10, what is 6542966 - 8?
6542958
In base 5, what is -1 + -12013133010?
-12013133011
In base 8, what is 33 + -35047122?
-35047067
In base 13, what is 2 - -586616?
586618
In base 10, what is -1130913 + -1088?
-1132001
In base 8, what is 117 - -11024203?
11024322
In base 3, what is 1100 - 111100120122021?
-111100120120221
In base 14, what is -4086a6 + -2?
-4086a8
In base 10, what is 756 + -3497?
-2741
In base 2, what is 1001101010001010011010 + -1000?
1001101010001010010010
In base 14, what is -968767 - 4?
-96876b
In base 10, what is 7240 - -456?
7696
In base 5, what is 0 - -2011122103?
2011122103
In base 5, what is -3 + 2242341104?
2242341101
In base 8, what is -11550376 + -22?
-11550420
In base 3, what is -22011020112222 + 200?
-22011020112022
In base 13, what is -731b307 + 1?
-731b306
In base 8, what is -25 + -2276543?
-2276570
In base 7, what is 14 + 106010016?
106010033
In base 10, what is 97 - 332100?
-332003
In base 4, what is -2131310232030 + -11?
-2131310232101
In base 5, what is 20124234 + -14132?
20110102
In base 15, what is 0 - 18e236e?
-18e236e
In base 2, what is 11010111100101001001 - 1011?
11010111100100111110
In base 10, what is 442 + 146455?
146897
In base 14, what is 3562237 + -2?
3562235
In base 2, what is 100011110011101011010 + 1?
100011110011101011011
In base 14, what is 1 + -d0910c3?
-d0910c2
In base 7, what is 405622243 - 0?
405622243
In base 2, what is 1100011001010100 + 1010111?
1100011010101011
In base 12, what is 2 + -837079?
-837077
In base 9, what is 5 - -23436480?
23436485
In base 2, what is 111011110101111110111100 - -1001?
111011110101111111000101
In base 8, what is 162047 - -1640?
163707
In base 8, what is -3 - 10057660?
-10057663
In base 5, what is -102414342 + -4?
-102414401
In base 14, what is 518 - -4d58?
5472
In base 11, what is 33796a - -128?
337a97
In base 3, what is -11112211210211110 - 0?
-11112211210211110
In base 16, what is 29cf + -14fa?
14d5
In base 13, what is 4 - -551ac21?
551ac25
In base 6, what is -2 - 1253141423?
-1253141425
In base 4, what is 12233321230 + -131?
12233321033
In base 14, what is 15 + -3064cc1?
-3064caa
In base 14, what is ab6c3 - 1201?
aa4c2
In base 7, what is 51 - 235423?
-235342
In base 14, what is 4 - 40dcc0?
-40dcba
In base 16, what is 8 + -b658af?
-b658a7
In base 6, what is -523 - -4242351?
4241424
In base 14, what is -4289 - 398?
-4643
In base 3, what is -11120220 + 11012201211?
11001010221
In base 13, what is -874 + -3756?
-42ca
In base 16, what is -8 + -fd6b4?
-fd6bc
In base 5, what is -431432330 + 11?
-431432314
In base 3, what is 211200102 - 2212220?
201210112
In base 14, what is d12 + -401d7?
-3d2c5
In base 3, what is 10100111122122102110 - -1?
10100111122122102111
In base 8, what is -30 + -513436?
-513466
In base 6, what is -14003340 - 55?
-14003435
In base 5, what is 1301 + -4243432?
-4242131
In base 6, what is 1520122321 - -35?
1520122400
In base 12, what is -4 - 19046aa?
-19046b2
In base 10, what is 3 - -752804?
752807
In base 10, what is -3 - 109653486?
-109653489
In base 2, what is -101011001110110110000110 + -100?
-101011001110110110001010
In base 3, what is 1 + 112200100002122?
112200100002200
In base 3, what is -22 + 1110122022?
1110122000
In base 13, what is -136014 - -15?
-135ccc
In base 7, what is 552203542 - 4?
552203535
In base 14, what is -3 - -1b54696?
1b54693
In base 11, what is -312 + -36200?
-36512
In base 8, what is 16 - 3071471?
-3071453
In base 9, what is 7876 + -14188?
-5212
In base 11, what is -2261 - -9137?
6986
In base 2, what is -10010111 - 110111010?
-1001010001
In base 16, what is -13182 + -31?
-131b3
In base 6, what is -23120533 - 52?
-23121025
In base 11, what is -133 + -27765?
-27898
In base 4, what is 223300000 - 32120?
223201220
In base 10, what is -617 + -50099?
-50716
In base 3, what is 11112022000110101 - -100?
1111202200011020